{"id":424,"date":"2024-10-22T05:30:39","date_gmt":"2024-10-22T05:30:39","guid":{"rendered":"https:\/\/riccardov12.sg-host.com\/?page_id=424"},"modified":"2024-11-25T10:26:19","modified_gmt":"2024-11-25T10:26:19","slug":"ricerca","status":"publish","type":"page","link":"https:\/\/wellwalking.it\/eng\/ricerca\/","title":{"rendered":"Research"},"content":{"rendered":"<div data-elementor-type=\"wp-page\" data-elementor-id=\"424\" class=\"elementor elementor-424\" data-elementor-post-type=\"page\">\n\t\t\t\t<div class=\"elementor-element elementor-element-130709b e-flex e-con-boxed e-con e-parent\" data-id=\"130709b\" data-element_type=\"container\">\n\t\t\t\t\t<div class=\"e-con-inner\">\n\t\t\t\t<div class=\"elementor-element elementor-element-9b96ef2 elementor-widget__width-inherit elementor-widget elementor-widget-heading\" data-id=\"9b96ef2\" data-element_type=\"widget\" data-widget_type=\"heading.default\">\n\t\t\t\t<div class=\"elementor-widget-container\">\n\t\t\t\t\t<h1 class=\"elementor-heading-title elementor-size-default\">The search for lost harmony<\/h1>\t\t\t\t<\/div>\n\t\t\t\t<\/div>\n\t\t\t\t<div class=\"elementor-element elementor-element-1f428e8 elementor-widget elementor-widget-text-editor\" data-id=\"1f428e8\" data-element_type=\"widget\" data-widget_type=\"text-editor.default\">\n\t\t\t\t<div class=\"elementor-widget-container\">\n\t\t\t\t\t\t\t\t\t<p>The human body in an upright position is in perfect balance. One of the most complex tasks of our body is to keep us in an upright position and in balance while we walk. Traditional footwear supports and directs the feet in a non-natural way, creating a whip-like effect that stresses the foot with vibrations (specifically the metatarsals, heels, knees, and back) and does not take into account the pathologies that manifest with age. The body adapts to asymmetries and issues to find temporary relief, but actually creates overloads on muscles and tendons, thus shifting the problem without correcting it.\nThe solution lies in addressing specific problems with specific corrections, thus avoiding creating new imbalances. FITO products aim to correct walking patterns by relieving joints, back, tissues, and foot ligaments.<\/p>\t\t\t\t\t\t\t\t<\/div>\n\t\t\t\t<\/div>\n\t\t\t\t\t<\/div>\n\t\t\t\t<\/div>\n\t\t<div class=\"elementor-element elementor-element-631f7c4 e-flex e-con-boxed e-con e-parent\" data-id=\"631f7c4\" data-element_type=\"container\">\n\t\t\t\t\t<div class=\"e-con-inner\">\n\t\t\t\t<div class=\"elementor-element elementor-element-6494363 elementor-widget elementor-widget-image\" data-id=\"6494363\" data-element_type=\"widget\" data-widget_type=\"image.default\">\n\t\t\t\t<div class=\"elementor-widget-container\">\n\t\t\t\t\t\t\t\t\t\t\t\t\t\t\t<img loading=\"lazy\" decoding=\"async\" width=\"1920\" height=\"1220\" src=\"https:\/\/wellwalking.it\/wp-content\/uploads\/Fito_133.jpg\" class=\"attachment-full size-full wp-image-238\" alt=\"\" srcset=\"https:\/\/wellwalking.it\/wp-content\/uploads\/Fito_133.jpg 1920w, https:\/\/wellwalking.it\/wp-content\/uploads\/Fito_133-300x191.jpg 300w, https:\/\/wellwalking.it\/wp-content\/uploads\/Fito_133-1024x651.jpg 1024w, https:\/\/wellwalking.it\/wp-content\/uploads\/Fito_133-768x488.jpg 768w, https:\/\/wellwalking.it\/wp-content\/uploads\/Fito_133-1536x976.jpg 1536w, https:\/\/wellwalking.it\/wp-content\/uploads\/Fito_133-600x381.jpg 600w\" sizes=\"auto, (max-width: 1920px) 100vw, 1920px\" \/>\t\t\t\t\t\t\t\t\t\t\t\t\t\t\t<\/div>\n\t\t\t\t<\/div>\n\t\t\t\t\t<\/div>\n\t\t\t\t<\/div>\n\t\t<div class=\"elementor-element elementor-element-bed5b88 e-flex e-con-boxed e-con e-parent\" data-id=\"bed5b88\" data-element_type=\"container\">\n\t\t\t\t\t<div class=\"e-con-inner\">\n\t\t\t\t<div class=\"elementor-element elementor-element-12eb20f elementor-widget-divider--view-line elementor-widget elementor-widget-divider\" data-id=\"12eb20f\" data-element_type=\"widget\" data-widget_type=\"divider.default\">\n\t\t\t\t<div class=\"elementor-widget-container\">\n\t\t\t\t\t\t\t<div class=\"elementor-divider\">\n\t\t\t<span class=\"elementor-divider-separator\">\n\t\t\t\t\t\t<\/span>\n\t\t<\/div>\n\t\t\t\t\t\t<\/div>\n\t\t\t\t<\/div>\n\t\t\t\t\t<\/div>\n\t\t\t\t<\/div>\n\t\t<div class=\"elementor-element elementor-element-3138777 e-flex e-con-boxed e-con e-parent\" data-id=\"3138777\" data-element_type=\"container\">\n\t\t\t\t\t<div class=\"e-con-inner\">\n\t\t\t\t<div class=\"elementor-element elementor-element-1d240d6 elementor-widget__width-inherit elementor-widget elementor-widget-heading\" data-id=\"1d240d6\" data-element_type=\"widget\" data-widget_type=\"heading.default\">\n\t\t\t\t<div class=\"elementor-widget-container\">\n\t\t\t\t\t<h2 class=\"elementor-heading-title elementor-size-default\">Unique solutions thanks to multidisciplinarity<\/h2>\t\t\t\t<\/div>\n\t\t\t\t<\/div>\n\t\t\t\t<div class=\"elementor-element elementor-element-7dc56ec elementor-widget elementor-widget-text-editor\" data-id=\"7dc56ec\" data-element_type=\"widget\" data-widget_type=\"text-editor.default\">\n\t\t\t\t<div class=\"elementor-widget-container\">\n\t\t\t\t\t\t\t\t\t<p>We believe in multidisciplinarity; there is no single solution, but unique solutions, because every human being has their own peculiarities. The right response to problems can be achieved through the synergistic action of specialists, products tailored to specific conditions, and supervised and guided physical exercise. We fully acknowledge that sometimes surgery is the only viable path. Protected, guided, and consistently practiced physical exercise is undoubtedly of great help. Our products complement this practice, which alone may hardly guarantee \na prolonged and definitive result.<\/p>\t\t\t\t\t\t\t\t<\/div>\n\t\t\t\t<\/div>\n\t\t\t\t\t<\/div>\n\t\t\t\t<\/div>\n\t\t<div class=\"elementor-element elementor-element-c44bb1d e-grid e-con-boxed e-con e-parent\" data-id=\"c44bb1d\" data-element_type=\"container\">\n\t\t\t\t\t<div class=\"e-con-inner\">\n\t\t\t\t<div class=\"elementor-element elementor-element-d51202a elementor-widget elementor-widget-image\" data-id=\"d51202a\" data-element_type=\"widget\" data-widget_type=\"image.default\">\n\t\t\t\t<div class=\"elementor-widget-container\">\n\t\t\t\t\t\t\t\t\t\t\t\t\t\t\t<img loading=\"lazy\" decoding=\"async\" width=\"800\" height=\"509\" src=\"https:\/\/wellwalking.it\/wp-content\/uploads\/Fito_135-1024x651.jpg\" class=\"attachment-large size-large wp-image-427\" alt=\"\" srcset=\"https:\/\/wellwalking.it\/wp-content\/uploads\/Fito_135-1024x651.jpg 1024w, https:\/\/wellwalking.it\/wp-content\/uploads\/Fito_135-300x191.jpg 300w, https:\/\/wellwalking.it\/wp-content\/uploads\/Fito_135-768x488.jpg 768w, https:\/\/wellwalking.it\/wp-content\/uploads\/Fito_135-1536x976.jpg 1536w, https:\/\/wellwalking.it\/wp-content\/uploads\/Fito_135-600x381.jpg 600w, https:\/\/wellwalking.it\/wp-content\/uploads\/Fito_135.jpg 1920w\" sizes=\"auto, (max-width: 800px) 100vw, 800px\" \/>\t\t\t\t\t\t\t\t\t\t\t\t\t\t\t<\/div>\n\t\t\t\t<\/div>\n\t\t\t\t<div class=\"elementor-element elementor-element-fdd971d elementor-widget elementor-widget-image\" data-id=\"fdd971d\" data-element_type=\"widget\" data-widget_type=\"image.default\">\n\t\t\t\t<div class=\"elementor-widget-container\">\n\t\t\t\t\t\t\t\t\t\t\t\t\t\t\t<img loading=\"lazy\" decoding=\"async\" width=\"800\" height=\"509\" src=\"https:\/\/wellwalking.it\/wp-content\/uploads\/Fito_132-1024x651.jpg\" class=\"attachment-large size-large wp-image-110\" alt=\"\" srcset=\"https:\/\/wellwalking.it\/wp-content\/uploads\/Fito_132-1024x651.jpg 1024w, https:\/\/wellwalking.it\/wp-content\/uploads\/Fito_132-300x191.jpg 300w, https:\/\/wellwalking.it\/wp-content\/uploads\/Fito_132-768x488.jpg 768w, https:\/\/wellwalking.it\/wp-content\/uploads\/Fito_132-1536x976.jpg 1536w, https:\/\/wellwalking.it\/wp-content\/uploads\/Fito_132-600x381.jpg 600w, https:\/\/wellwalking.it\/wp-content\/uploads\/Fito_132.jpg 1920w\" sizes=\"auto, (max-width: 800px) 100vw, 800px\" \/>\t\t\t\t\t\t\t\t\t\t\t\t\t\t\t<\/div>\n\t\t\t\t<\/div>\n\t\t\t\t\t<\/div>\n\t\t\t\t<\/div>\n\t\t<div class=\"elementor-element elementor-element-8a61f16 e-flex e-con-boxed e-con e-parent\" data-id=\"8a61f16\" data-element_type=\"container\">\n\t\t\t\t\t<div class=\"e-con-inner\">\n\t\t\t\t<div class=\"elementor-element elementor-element-4c66192 elementor-widget elementor-widget-shortcode\" data-id=\"4c66192\" data-element_type=\"widget\" data-widget_type=\"shortcode.default\">\n\t\t\t\t<div class=\"elementor-widget-container\">\n\t\t\t\t\t\t\t<div class=\"elementor-shortcode\">\t\t<div data-elementor-type=\"section\" data-elementor-id=\"1233\" class=\"elementor elementor-1233\" data-elementor-post-type=\"elementor_library\">\n\t\t\t<div class=\"elementor-element elementor-element-5f739c8c e-flex e-con-boxed e-con e-parent\" data-id=\"5f739c8c\" data-element_type=\"container\">\n\t\t\t\t\t<div class=\"e-con-inner\">\n\t\t<div class=\"elementor-element elementor-element-53b2d78 e-flex e-con-boxed e-con e-child\" data-id=\"53b2d78\" data-element_type=\"container\" data-settings=\"{&quot;background_background&quot;:&quot;classic&quot;}\">\n\t\t\t\t\t<div class=\"e-con-inner\">\n\t\t\t\t<div class=\"elementor-element elementor-element-7dc8325e elementor-widget elementor-widget-heading\" data-id=\"7dc8325e\" data-element_type=\"widget\" data-widget_type=\"heading.default\">\n\t\t\t\t<div class=\"elementor-widget-container\">\n\t\t\t\t\t<div class=\"elementor-heading-title elementor-size-default\">FOR FURTHER INFORMATION, PLEASE FILL OUT THE CONTACT FORM. OUR TEAM IS READY TO ANSWER ALL YOUR REQUESTS!<\/div>\t\t\t\t<\/div>\n\t\t\t\t<\/div>\n\t\t\t\t<div class=\"elementor-element elementor-element-c17764a elementor-widget elementor-widget-button\" data-id=\"c17764a\" data-element_type=\"widget\" data-widget_type=\"button.default\">\n\t\t\t\t<div class=\"elementor-widget-container\">\n\t\t\t\t\t\t\t\t\t<div class=\"elementor-button-wrapper\">\n\t\t\t\t\t<a class=\"elementor-button elementor-button-link elementor-size-sm\" href=\"https:\/\/wellwalking.it\/eng\/contatti\/\">\n\t\t\t\t\t\t<span class=\"elementor-button-content-wrapper\">\n\t\t\t\t\t\t\t\t\t<span class=\"elementor-button-text\">CONTACT US<\/span>\n\t\t\t\t\t<\/span>\n\t\t\t\t\t<\/a>\n\t\t\t\t<\/div>\n\t\t\t\t\t\t\t\t<\/div>\n\t\t\t\t<\/div>\n\t\t\t\t\t<\/div>\n\t\t\t\t<\/div>\n\t\t\t\t\t<\/div>\n\t\t\t\t<\/div>\n\t\t\t\t<\/div>\n\t\t<\/div>\n\t\t\t\t\t\t<\/div>\n\t\t\t\t<\/div>\n\t\t\t\t\t<\/div>\n\t\t\t\t<\/div>\n\t\t\t\t<\/div>","protected":false},"excerpt":{"rendered":"<p>LA RICERCA DELL\u2019ARMONIA PERDUTA L\u2019essere umano in posizione eretta \u00e8 in equilibrio perfetto. Uno dei compiti pi\u00f9 complessi del nostro corpo \u00e8 quelli di mantenerci in posizione eretta ed in equilibrio mentre camminiamo. Le calzature tradizionali sostengono e indirizzano i piedi in maniera non naturale creando un effetto frusta che sollecita il piede con delle [&hellip;]<\/p>","protected":false},"author":1,"featured_media":0,"parent":0,"menu_order":0,"comment_status":"closed","ping_status":"closed","template":"","meta":{"footnotes":""},"class_list":["post-424","page","type-page","status-publish","hentry"],"aioseo_notices":[],"_links":{"self":[{"href":"https:\/\/wellwalking.it\/eng\/wp-json\/wp\/v2\/pages\/424","targetHints":{"allow":["GET"]}}],"collection":[{"href":"https:\/\/wellwalking.it\/eng\/wp-json\/wp\/v2\/pages"}],"about":[{"href":"https:\/\/wellwalking.it\/eng\/wp-json\/wp\/v2\/types\/page"}],"author":[{"embeddable":true,"href":"https:\/\/wellwalking.it\/eng\/wp-json\/wp\/v2\/users\/1"}],"replies":[{"embeddable":true,"href":"https:\/\/wellwalking.it\/eng\/wp-json\/wp\/v2\/comments?post=424"}],"version-history":[{"count":43,"href":"https:\/\/wellwalking.it\/eng\/wp-json\/wp\/v2\/pages\/424\/revisions"}],"predecessor-version":[{"id":3224,"href":"https:\/\/wellwalking.it\/eng\/wp-json\/wp\/v2\/pages\/424\/revisions\/3224"}],"wp:attachment":[{"href":"https:\/\/wellwalking.it\/eng\/wp-json\/wp\/v2\/media?parent=424"}],"curies":[{"name":"wp","href":"https:\/\/api.w.org\/{rel}","templated":true}]}}